 + 4)*2 is divided by 4.
3
Let i = -101 + 149. Let f = 91 - i. Calculate the remainder when f is divided by 15.
13
Suppose -8 + 20 = -3*p. Let h(j) = 2*j**2 - j - 5. Let b(r) = 5*r**2 - r - 10. Let n(d) = 3*b(d) - 7*h(d). What is the remainder when 14 is divided by n(p)?
4
Let o = 52 - 34. Suppose 0 = 5*i + 1 - 51. What is the remainder when o is divided by i?
8
Suppose 2*t + 158 = 3*z, -5 = z + t - 56. Calculate the remainder when z is divided by 11.
8
Suppose 5*c + 144 = -81. Let a(h) = h**2 - 6*h - 1. Let w be a(12). Let o = w + c. Calculate the remainder when o is divided by 14.
12
Suppose -x + 18 = x. Suppose -3*o + x = -120. Calculate the remainder when o is divided by 11.
10
Let i(t) = -27*t - 7. What is the remainder when i(-2) is divided by 16?
15
Suppose c = -4*c + 100. Calculate the remainder when 79 is divided by c.
19
Let w(z) = z**2 - 3*z - 3. Let o be w(6). Let h = o + -5. What is the remainder when h is divided by 4?
2
Suppose 0 = -8*c + 7*c + 3. What is the remainder when 3 is divided by c?
0
Calculate the remainder when 31 is divided by ((-32)/3)/(6/(-9)).
15
Let w = 23 - -4. What is the remainder when 70 is divided by w?
16
Let m = 3 - -2. Suppose 0*n = -m*d - 4*n + 489, 4*d - 389 = -n. What is the remainder when d is divided by 33?
31
Suppose 0 = j + w, -j - 2*w - 8 = 3*w. Suppose 25 = 4*u + 3*g, -j*g - g - 15 = 0. Suppose 0 = -3*b - b + 108. Calculate the remainder when b is divided by u.
7
Let c(w) = -2*w**2 - w + 51. Calculate the remainder when c(0) is divided by 13.
12
Suppose 3*f + 8 = -4. Let c = f - -7. Suppose c*x - 103 = 2*y + 2*y, 5*x + y = 210. Calculate the remainder when x is divided by 14.
13
Suppose x = -0*s - 5*s - 10, 2*s = 5*x - 85. What is the remainder when x is divided by 8?
7
Suppose 0 = h - 3*v + 3, 2*h - 27 = 7*h - 3*v. Let d be 4*(h/3 - -9). Calculate the remainder when 25 is divided by 260/d - (-4)/(-14).
7
What is the remainder when (6/8)/(6/168) is divided by 8?
5
Suppose -8*i + 3*i + 375 = 0. Suppose -3*t - i = -8*t. Suppose 2*q + q = 2*c + 122, -q - 2*c = -54. Calculate the remainder when q is divided by t.
14
Suppose 2*n = -16 + 10, 0 = -2*y - 4*n + 154. Calculate the remainder when y is divided by 42.
41
Let i(q) = -3*q**2 - 8*q - 3. Let t be i(-5). Calculate the remainder when (t/8)/(1/(-12)) is divided by 15.
12
Let h be 1*3 - (-9)/9. Let f(w) = w**3 - 4*w**2 + 6*w - 6. What is the remainder when 52 is divided by f(h)?
16
Let l = 57 + -11. Let y = l + -24. Calculate the remainder when 64 is divided by y.
20
Suppose -d + 44 = -i + 140, -4*i - 5*d = -339. Calculate the remainder when i is divided by 25.
16
Let v = -56 + 159. Calculate the remainder when v is divided by 35.
33
Let p(b) = -b**2 + 5*b + 7. Let q be (2 - -5 - -1)*1. Suppose -2*x + q = -0*x. Calculate the remainder when p(5) is divided by x.
3
Let x be ((-9)/12)/(2/(-88)). Suppose -83 + x = -5*m. Calculate the remainder when 37 is divided by m.
7
Suppose -3*d - 10 = -d. Let b(l) = -l**3 - 3*l**2 + 8*l + 4. What is the remainder when b(d) is divided by 8?
6
Let q = -28 - -45. Suppose 2*r + 3*r - 12 = -4*f, 2*r = -4*f + 12. What is the remainder when q is divided by f?
2
Let r = -104 - -124. What is the remainder when 57 is divided by r?
17
Let o(m) = -16*m - 1. What is the remainder when 42 is divided by o(-1)?
12
Suppose o + 1 - 4 = 0. Suppose o*x - 55 = 29. What is the remainder when x is divided by 10?
8
Suppose u + 5 - 23 = 0. Calculate the remainder when 124 is divided by u.
16
Let m(r) = -r + 27. Let c be m(0). Let p = c - 9. Suppose -p = j - 73. What is the remainder when j is divided by 14?
13
Let i(z) = 2*z**2 + 6*z - 7. Let x = 76 - 66. Calculate the remainder when i(-6) is divided by x.
9
Let x = -21 - -54. Let o = 89 + -47. What is the remainder when x is divided by (o/49)/((-1)/(-14))?
9
Suppose 4*b - 59 = -3*q, 0 = 3*b - 0*b - 2*q - 23. Let l = -8 - -33. Let x = l - b. What is the remainder when x is divided by 5?
4
Let b(r) = -r**2 + 28*r - 54. What is the remainder when b(11) is divided by 9?
7
Let v = -61 + 90. Calculate the remainder when 70 is divided by v.
12
Let n(r) = -r. Let s(o) = o + 10. Let w be s(-7). Calculate the remainder when n(-6) is divided by (-1 + 0 - -2) + w.
2
Suppose 7*p - 6*p = 4. Suppose -76 = -p*z + 36. Calculate the remainder when z is divided by 10.
8
Let n(u) = -u**2 + 52. Calculate the remainder when n(0) is divided by 28.
24
Suppose -3*d - 25 = 5*j - 2*d, 3*j + 4*d = -15. What is the remainder when 18 is divided by 1/(-2)*100/j?
8
Suppose -4*c + 37 = s, -2*c + s = -4*s - 13. Suppose -4*w = -c*w + 135. What is the remainder when w is divided by 15?
12
Let d(s) = -s**3 - 4*s**2 + 4*s - 5. Let u be d(-4). Let w = u - -30. What is the remainder when (-6)/(-15) + 512/20 is divided by w?
8
Let h(y) = y + 12. Let n be h(-8). Let l = -17 + 28. What is the remainder when 11 is divided by l - n - (1 - 0)?
5
Let b = -72 - -50. Let s = -8 - b. What is the remainder when 41 is divided by s?
13
Let z be -6*(-3)/9*1. Suppose 0 = -z*t - t + 159. Let s = -30 + t. What is the remainder when s is divided by 8?
7
Calculate the remainder when 49 is divided by ((-34)/6)/(13/(-39)).
15
Let y be (-13 - -10)/((-6)/20). Let j = y + -9. What is the remainder when 2 is divided by j?
0
Calculate the remainder when 80 is divided by (-18)/48 - 2/(16/(-115)).
10
Let a = 178 - 136. Calculate the remainder when a is divided by 12.
6
Suppose 0 = -5*v + 23 + 47. Calculate the remainder when 26 is divided by v.
12
Suppose 0 = o - 2*p - p - 13, -3*o + p = -7. Calculate the remainder when 3 is divided by o.
0
Let j = 5 + -22. Let b = j - -34. What is the remainder when (-2 - 3)/(2/(-20)) is divided by b?
16
Suppose 20 = 4*m + 2*d, -m - 2*m = -d - 5. Let u = 2 - m. What is the remainder when (u/1)/((-3)/123) is divided by 14?
13
Let i = -2 + 6. Suppose 74 = i*q + 30. Calculate the remainder when 31 is divided by q.
9
Let k(p) = 2*p - 5. What is the remainder when k(8) is divided by 3?
2
Let p = 9 - 9. Suppose p = b - 5. Calculate the remainder when b is divided by (-18)/(-8) + (-2)/8.
1
Let u = -8 + 11. Suppose -z + 0 = -u. Suppose -2*l - 2*l + 24 = 0. What is the remainder when l is divided by z?
0
Suppose b + b = 34. Let n = 168 + -120. Calculate the remainder when n is divided by b.
14
Suppose -3*v - 228 = -0*v. Let i = 120 + v. Calculate the remainder when i is divided by 15.
14
Let l(i) = i**3 - 7*i**2 + 8*i - 5. Suppose 14 = w + w. Let y = -1 + w. What is the remainder when l(y) is divided by 4?
3
Let v(u) = 2*u**2 + u - 2. Let n be v(5). Suppose 0 = -2*w - 3*y - 8 + 69, -y + 137 = 4*w. Let r = n - w. Calculate the remainder when 52 is divided by r.
16
Suppose -3*s + 9*s = 90. Calculate the remainder when 58 is divided by s.
13
Let t(x) = -7*x**2 + 1. Let q be t(1). Let k = q + 18. Calculate the remainder when 35 is divided by k.
11
Let r = 67 - 27. Suppose 0 = 4*i - 3*y - 94, 2*y - r = -0*i - 2*i. Calculate the remainder when i is divided by 8.
6
Let b(x) = x**3 + 6*x**2 - 10*x - 10. Let y = 2 - 9. What is the remainder when 20 is divided by b(y)?
9
Let h = -23 - -77. Suppose 5*n - z - 146 = 0, -2*n - 3*z - z + h = 0. Calculate the remainder when n is divided by 52/20 - -5 - (-2)/5.
5
Let n = 13 - -106. What is the remainder when n is divided by 30?
29
Let q = 17 - 10. Let l = q - -10. Calculate the remainder when l is divided by 6.
5
Suppose 0 = 5*o - 6 - 34. What is the remainder when (24/14)/(2*7/245) is divided by o?
6
Calculate the remainder when ((-54)/(-15))/(6/15) is divided by 5.
4
Suppose 2*m - 23 = -3*c, 5*c + 0*m - 5*m = 55. What is the remainder when c is divided by 2?
1
Let p(m) = -24*m - 4. What is the remainder when p(-2) is divided by 16?
12
Suppose -4*w + 5*w = 24. What is the remainder when 47 is divided by w?
23
Suppose 0 = -2*b - 4*h - 4 + 64, -h - 138 = -4*b. Calculate the remainder when 118 is divided by b.
16
Suppose -4*m = -2*o - 0*o + 6, -4*o - 24 = m. Let a = m - -18. Suppose p - 10 = 5*k + 9, -2*p - 2*k + a = 0. What is the remainder when 16 is divided by p?
7
Suppose y - 66 = -5*b - 3, 0 = -3*y + 5*b + 109. Let t = -26 + 48. What is the remainder when y is divided by t?
21
Suppose -y + 4 = q - 1, -5*q + 22 = 2*y. Suppose -2*p - p = -12. Let g = 7 - p. What is the remainder when q is d